.
91
Calculate the greatest common divisor of 14651719 and 4.
1
Calculate the highest common divisor of 278969487 and 47.
47
What is the highest common factor of 854262 and 60?
6
What is the greatest common factor of 7705 and 24956955?
115
What is the greatest common divisor of 44846876 and 116?
116
Calculate the greatest common divisor of 10075320 and 6080.
760
Calculate the greatest common factor of 64889895 and 409.
409
Calculate the highest common factor of 2 and 9131847.
1
What is the greatest common divisor of 1184 and 505886496?
1184
What is the highest common divisor of 267723 and 25821?
1359
Calculate the greatest common factor of 14505841 and 82.
41
What is the greatest common divisor of 87 and 150647431?
29
What is the greatest common factor of 324225 and 8316?
99
Calculate the greatest common divisor of 364 and 30688812.
28
What is the greatest common divisor of 280668 and 4132?
4
What is the highest common divisor of 141848 and 17884321?
1043
What is the highest common divisor of 1306239 and 3841?
23
Calculate the greatest common factor of 79 and 9489006.
79
Calculate the highest common factor of 960 and 722445.
15
What is the greatest common divisor of 772845 and 78055?
335
What is the greatest common divisor of 13704163 and 55?
11
What is the greatest common divisor of 75747318 and 6?
6
Calculate the greatest common divisor of 38342493 and 9.
9
What is the highest common factor of 503475 and 1637013?
2877
What is the greatest common divisor of 545 and 4151845?
5
Calculate the greatest common divisor of 115444 and 1711962.
98
What is the greatest common divisor of 193766 and 213282?
1394
What is the greatest common factor of 86 and 303061334?
86
Calculate the greatest common factor of 312 and 869765.
13
What is the greatest common divisor of 80453 and 29275537?
1871
Calculate the greatest common factor of 1175517 and 12033.
63
Calculate the greatest common factor of 673184 and 1513120.
6176
Calculate the greatest common factor of 710715 and 77505.
15
Calculate the greatest common factor of 30783 and 16862133.
993
What is the greatest common divisor of 645296 and 265112?
248
Calculate the highest common factor of 508 and 11503748.
4
Calculate the highest common divisor of 10142382 and 155829.
1227
What is the greatest common factor of 66153231 and 1368?
171
What is the highest common divisor of 886714 and 15240?
254
Calculate the highest common divisor of 11305188 and 4.
4
What is the greatest common factor of 29832 and 136488?
264
What is the highest common factor of 239031 and 4149333?
6129
Calculate the highest common divisor of 9393664 and 8960.
1792
Calculate the greatest common divisor of 10844 and 15804.
4
Calculate the highest common factor of 754 and 276544.
58
What is the highest common factor of 14 and 2790696328?
14
Calculate the greatest common divisor of 10836232 and 1672.
1672
What is the greatest common divisor of 369 and 274842?
9
Calculate the highest common divisor of 56220344 and 77596.
4084
What is the highest common divisor of 6981 and 41305503?
537
What is the greatest common factor of 135 and 52362570?
15
Calculate the highest common divisor of 894 and 309002011.
149
Calculate the highest common divisor of 43828979 and 136015.
2473
What is the greatest common factor of 37936 and 304?
16
What is the greatest common divisor of 54142 and 6165126?
2354
What is the greatest common factor of 2006612 and 47471?
1283
What is the highest common divisor of 10 and 2167726370?
10
What is the greatest common factor of 194968138 and 170?
34
What is the greatest common factor of 2204967 and 6405?
183
What is the greatest common divisor of 249988144 and 336?
112
What is the greatest common factor of 2936649 and 45?
3
What is the highest common divisor of 11 and 1955448110?
11
What is the highest common factor of 14626206 and 2205?
441
Calculate the highest common factor of 1710 and 1929160.
10
What is the greatest common divisor of 1892681 and 6223?
889
Calculate the greatest common divisor of 201222 and 8091.
9
What is the greatest common divisor of 2717740 and 320?
20
Calculate the highest common divisor of 139296 and 7440.
48
What is the greatest common factor of 154638 and 14133402?
1278
Calculate the highest common factor of 442811 and 261883.
257
What is the greatest common divisor of 235715 and 25?
5
What is the greatest common divisor of 1450288 and 9436?
28
What is the greatest common factor of 241755617 and 7655?
1531
What is the highest common divisor of 74529 and 2903544?
441
Calculate the highest common factor of 79326 and 28223106.
678
Calculate the highest common divisor of 60 and 71942560.
20
What is the greatest common divisor of 556 and 48450118?
278
Calculate the highest common factor of 8064252 and 21.
21
Calculate the highest common factor of 603 and 87502804.
67
Calculate the greatest common factor of 4732 and 26236.
28
What is the highest common factor of 5201840028 and 44?
44
Calculate the greatest common factor of 6650 and 12452790.
1330
What is the greatest common divisor of 18313456 and 329?
329
Calculate the greatest common factor of 658 and 1337590954.
658
What is the greatest common factor of 82675551 and 2534?
1267
Calculate the highest common factor of 1392857 and 17457.
529
What is the highest common divisor of 14766360 and 231?
21
Calculate the greatest common divisor of 2812 and 49562203.
703
What is the greatest common divisor of 15255 and 226521?
9
Calculate the greatest common divisor of 38444 and 21098891.
1373
Calculate the highest common factor of 2511400 and 1346630.
4330
Calculate the greatest common divisor of 4 and 1806836.
4
Calculate the highest common factor of 1392 and 12861.
3
What is the greatest common divisor of 2893 and 5312337?
263
What is the greatest common divisor of 1432747 and 3144?
131
Calculate the greatest common factor of 9 and 31440249.
9
What is the highest common factor of 92649072 and 8992?
4496
What is the highest common divisor of 7111 and 167440?
13
Calculate the greatest common factor of 14090 and 14425.
5
What is the highest common factor of 34646 and 105570?
34
Calculate the highest common divisor of 61608312 and 552.
24
What is the highest common factor of 7950054 and 11319?
1029
What is the greatest common factor of 144 and 29776368?
48
What is the highest common divisor of 1178011 and 3193?
103
What is the highest common factor of 78 and 15020322?
6
Calculate the greatest common divisor of 28190 and 485.
5
Calculate the greatest common divisor of 828 and 12525363.
207
What is the highest common factor of 1339261 and 539?
77
Calculate the highest common divisor of 6733299 and 12773.
241
What is the highest common divisor of 94 and 25709?
47
Calculate the greatest common factor of 12 and 2332734.
6
What is the highest common divisor of 6016 and 25072?
16
What is the highest common divisor of 639 and 59792721?
213
What is the greatest common divisor of 5887 and 1321211?
841
Calculate the highest common divisor of 3886 and 1963323780.
3886
Calculate the highest common factor of 23649637 and 5608.
701
What is the greatest common factor of 5328576 and 144936?
792
What is the greatest common divisor of 55388 and 1591724?
908
What is the greatest common factor of 285024 and 78912?
96
What is the greatest common divisor of 7 and 6322106?
7
Calculate the greatest common factor of 449 and 2154767613.
449
Calculate the greatest common factor of 1404 and 117572.
52
What is the greatest common factor of 6165809 and 117?
13
Calculate the greatest common divisor of 2872 and 81217288.
2872
Calculate the greatest common divisor of 84257712 and 352.
176
Calculate the highest common divisor of 1147 and 237243.
31
Calculate the greatest common factor of 28628474 and 5708.
2854
What is the greatest common factor of 2614 and 118713503?
1307
What is the greatest common divisor of 8013048 and 464?
232
Calculate the highest common divisor of 72924 and 487812.
708
Calculate the greatest common factor of 376 and 514247304.
376
Calculate the highest common factor of 1908804 and 584.
292
What is the greatest common divisor of 8723199 and 9447?
201
Calculate the highest common factor of 557 and 50072629.
557
What is the highest common factor of 1676 and 168461464?
1676
Cal